{"id":1678,"date":"2025-10-28T16:26:15","date_gmt":"2025-10-28T16:26:15","guid":{"rendered":"https:\/\/neisky.ca\/?page_id=1678"},"modified":"2025-10-29T18:54:57","modified_gmt":"2025-10-29T18:54:57","slug":"certifications","status":"publish","type":"page","link":"https:\/\/neisky.ca\/?page_id=1678&lang=fr","title":{"rendered":"Certifications"},"content":{"rendered":"\t\t<div data-elementor-type=\"wp-page\" data-elementor-id=\"1678\" class=\"elementor elementor-1678\">\n\t\t\t\t\t\t<section class=\"elementor-section elementor-top-section elementor-element elementor-element-0ce3386 elementor-section-boxed elementor-section-height-default elementor-section-height-default\" data-id=\"0ce3386\" data-element_type=\"section\" data-e-type=\"section\">\n\t\t\t\t\t\t<div class=\"elementor-container elementor-column-gap-default\">\n\t\t\t\t\t<div class=\"elementor-column elementor-col-100 elementor-top-column elementor-element elementor-element-082e8b7\" data-id=\"082e8b7\" data-element_type=\"column\" data-e-type=\"column\">\n\t\t\t<div class=\"elementor-widget-wrap elementor-element-populated\">\n\t\t\t\t\t\t<div class=\"elementor-element elementor-element-42608c4 elementor-widget elementor-widget-artem-awwards-table\" data-id=\"42608c4\" data-element_type=\"widget\" data-e-type=\"widget\" data-widget_type=\"artem-awwards-table.default\">\n\t\t\t\t<div class=\"elementor-widget-container\">\n\t\t\t\t\t\n\t\t<!-- Awards -->\n\t    <div class=\"container\">\n\t\t    <div class=\"row\">\n\t\t\t\t<div class=\"col-12\">\n\t\t\t\t    <div class=\"flex-table\">\n\t\t\t\t\t    <div class=\"flex-table__thead\">\n\t\t\t\t\t\t    <div class=\"flex-table__th col--award\">\n\t\t\t\t\t\t    \t<span >\n\t\t\t\t\t\t    \t\tCertification\t\t\t\t\t\t    \t<\/span>\n\t\t\t\t\t\t    <\/div>\n\t\t\t\t\t\t\t<div class=\"flex-table__th col--clint\">\n\t\t\t\t\t\t\t\t<span >\n\t\t\t\t\t\t    \t\tplate-forme\t\t\t\t\t\t    \t<\/span>\n\t\t\t\t\t\t\t<\/div>\n\t\t\t\t\t\t\t<div class=\"flex-table__th col--year\">\n\t\t\t\t\t\t\t\t<span >\n\t\t\t\t\t\t    \t\tann\u00e9e\t\t\t\t\t\t    \t<\/span>\n\t\t\t\t\t\t\t<\/div>\n\t\t\t\t\t\t<\/div>\n\t\t\t\t\t\t\t\t\t\t\t\t\t\t\t\t\t    <div class=\"flex-table__tr\">\n\t\t\t\t\t\t    <div data-th=\"Certification\" class=\"flex-table__td col--award\">\n\t\t\t\t\t\t    \t<span >\n\t\t\t\t\t    \t\t\tPartenaire V\u00e9rifi\u00e9 Annonces Amazon\t\t\t\t\t    \t\t<\/span>\n\t\t\t\t\t\t    <\/div>\n\t\t\t\t\t\t\t<div data-th=\"plate-forme\" class=\"flex-table__td col--clint\">\n\t\t\t\t\t\t\t\t<span >\n\t\t\t\t\t    \t\t\tAmazon\t\t\t\t\t    \t\t<\/span>\n\t\t\t\t\t\t\t<\/div>\n\t\t\t\t\t\t\t<div data-th=\"ann\u00e9e\" class=\"flex-table__td col--year\">\n\t\t\t\t\t\t\t\t<span >\n\t\t\t\t\t    \t\t\t2025\t\t\t\t\t    \t\t<\/span>\n\t\t\t\t\t\t\t<\/div>\n\t\t\t\t\t\t<\/div>\n\t\t\t\t\t\t\t\t\t\t\t\t\t\t\t\t\t<\/div>\n\t\t\t\t<\/div>\n\t\t    <\/div>\n\t\t<\/div>\n\t\t<!-- \/Awards -->\n\t\t\n\t\t\t\t\t\t<\/div>\n\t\t\t\t<\/div>\n\t\t\t\t\t<\/div>\n\t\t<\/div>\n\t\t\t\t\t<\/div>\n\t\t<\/section>\n\t\t\t\t<section class=\"elementor-section elementor-top-section elementor-element elementor-element-a50aa67 elementor-section-boxed elementor-section-height-default elementor-section-height-default\" data-id=\"a50aa67\" data-element_type=\"section\" data-e-type=\"section\">\n\t\t\t\t\t\t<div class=\"elementor-container elementor-column-gap-default\">\n\t\t\t\t\t<div class=\"elementor-column elementor-col-100 elementor-top-column elementor-element elementor-element-1ed3e32\" data-id=\"1ed3e32\" data-element_type=\"column\" data-e-type=\"column\">\n\t\t\t<div class=\"elementor-widget-wrap elementor-element-populated\">\n\t\t\t\t\t\t<div class=\"elementor-element elementor-element-3b3a1d7 elementor-widget elementor-widget-artem-image-cutout-right\" data-id=\"3b3a1d7\" data-element_type=\"widget\" data-e-type=\"widget\" data-widget_type=\"artem-image-cutout-right.default\">\n\t\t\t\t<div class=\"elementor-widget-container\">\n\t\t\t\t\t\n\t    <!-- Image -->\n\t\t<figure class=\"image-container image-container--cutoutRight reveal\">\n\t\t\t<img decoding=\"async\" class=\"cover lazyload\" src=\"https:\/\/neisky.ca\/wp-content\/uploads\/2025\/10\/Verified-partner-badge.png\" alt=\"Image\" \/>\n\t\t<\/figure>\n\t\t<!-- \/Image -->\n\n\t\t\t\t\t\t<\/div>\n\t\t\t\t<\/div>\n\t\t\t\t\t<\/div>\n\t\t<\/div>\n\t\t\t\t\t<\/div>\n\t\t<\/section>\n\t\t\t\t<section class=\"elementor-section elementor-top-section elementor-element elementor-element-f98722f elementor-section-boxed elementor-section-height-default elementor-section-height-default\" data-id=\"f98722f\" data-element_type=\"section\" data-e-type=\"section\">\n\t\t\t\t\t\t<div class=\"elementor-container elementor-column-gap-default\">\n\t\t\t\t\t<div class=\"elementor-column elementor-col-100 elementor-top-column elementor-element elementor-element-2a4717c\" data-id=\"2a4717c\" data-element_type=\"column\" data-e-type=\"column\">\n\t\t\t<div class=\"elementor-widget-wrap\">\n\t\t\t\t\t\t\t<\/div>\n\t\t<\/div>\n\t\t\t\t\t<\/div>\n\t\t<\/section>\n\t\t\t\t<section class=\"elementor-section elementor-top-section elementor-element elementor-element-bdd92a9 elementor-section-boxed elementor-section-height-default elementor-section-height-default\" data-id=\"bdd92a9\" data-element_type=\"section\" data-e-type=\"section\">\n\t\t\t\t\t\t<div class=\"elementor-container elementor-column-gap-default\">\n\t\t\t\t\t<div class=\"elementor-column elementor-col-100 elementor-top-column elementor-element elementor-element-2bb5fd6\" data-id=\"2bb5fd6\" data-element_type=\"column\" data-e-type=\"column\">\n\t\t\t<div class=\"elementor-widget-wrap elementor-element-populated\">\n\t\t\t\t\t\t<div class=\"elementor-element elementor-element-ade5c12 elementor-widget elementor-widget-artem-awwards-table\" data-id=\"ade5c12\" data-element_type=\"widget\" data-e-type=\"widget\" data-widget_type=\"artem-awwards-table.default\">\n\t\t\t\t<div class=\"elementor-widget-container\">\n\t\t\t\t\t\n\t\t<!-- Awards -->\n\t    <div class=\"container\">\n\t\t    <div class=\"row\">\n\t\t\t\t<div class=\"col-12\">\n\t\t\t\t    <div class=\"flex-table\">\n\t\t\t\t\t    <div class=\"flex-table__thead\">\n\t\t\t\t\t\t    <div class=\"flex-table__th col--award\">\n\t\t\t\t\t\t    \t<span >\n\t\t\t\t\t\t    \t\tCertification\t\t\t\t\t\t    \t<\/span>\n\t\t\t\t\t\t    <\/div>\n\t\t\t\t\t\t\t<div class=\"flex-table__th col--clint\">\n\t\t\t\t\t\t\t\t<span >\n\t\t\t\t\t\t    \t\tplate-forme\t\t\t\t\t\t    \t<\/span>\n\t\t\t\t\t\t\t<\/div>\n\t\t\t\t\t\t\t<div class=\"flex-table__th col--year\">\n\t\t\t\t\t\t\t\t<span >\n\t\t\t\t\t\t    \t\tann\u00e9e\t\t\t\t\t\t    \t<\/span>\n\t\t\t\t\t\t\t<\/div>\n\t\t\t\t\t\t<\/div>\n\t\t\t\t\t\t\t\t\t\t\t\t\t\t\t\t\t    <div class=\"flex-table__tr\">\n\t\t\t\t\t\t    <div data-th=\"Certification\" class=\"flex-table__td col--award\">\n\t\t\t\t\t\t    \t<span >\n\t\t\t\t\t    \t\t\tCertification sur les publicit\u00e9s commandit\u00e9es\t\t\t\t\t    \t\t<\/span>\n\t\t\t\t\t\t    <\/div>\n\t\t\t\t\t\t\t<div data-th=\"plate-forme\" class=\"flex-table__td col--clint\">\n\t\t\t\t\t\t\t\t<span >\n\t\t\t\t\t    \t\t\tAmazon\t\t\t\t\t    \t\t<\/span>\n\t\t\t\t\t\t\t<\/div>\n\t\t\t\t\t\t\t<div data-th=\"ann\u00e9e\" class=\"flex-table__td col--year\">\n\t\t\t\t\t\t\t\t<span >\n\t\t\t\t\t    \t\t\t2025\t\t\t\t\t    \t\t<\/span>\n\t\t\t\t\t\t\t<\/div>\n\t\t\t\t\t\t<\/div>\n\t\t\t\t\t\t\t\t\t\t\t\t\t\t\t\t\t<\/div>\n\t\t\t\t<\/div>\n\t\t    <\/div>\n\t\t<\/div>\n\t\t<!-- \/Awards -->\n\t\t\n\t\t\t\t\t\t<\/div>\n\t\t\t\t<\/div>\n\t\t\t\t<div class=\"elementor-element elementor-element-fd8e558 elementor-widget elementor-widget-artem-image-cutout-right\" data-id=\"fd8e558\" data-element_type=\"widget\" data-e-type=\"widget\" data-widget_type=\"artem-image-cutout-right.default\">\n\t\t\t\t<div class=\"elementor-widget-container\">\n\t\t\t\t\t\n\t    <!-- Image -->\n\t\t<figure class=\"image-container image-container--cutoutRight reveal\">\n\t\t\t<img decoding=\"async\" class=\"cover lazyload\" src=\"https:\/\/neisky.ca\/wp-content\/uploads\/2025\/10\/amazon-ads-certification-neisky-montiel-1920x1546.jpeg\" alt=\"Image\" \/>\n\t\t<\/figure>\n\t\t<!-- \/Image -->\n\n\t\t\t\t\t\t<\/div>\n\t\t\t\t<\/div>\n\t\t\t\t\t<\/div>\n\t\t<\/div>\n\t\t\t\t\t<\/div>\n\t\t<\/section>\n\t\t\t\t<section class=\"elementor-section elementor-top-section elementor-element elementor-element-4b83413 elementor-section-boxed elementor-section-height-default elementor-section-height-default\" data-id=\"4b83413\" data-element_type=\"section\" data-e-type=\"section\">\n\t\t\t\t\t\t<div class=\"elementor-container elementor-column-gap-default\">\n\t\t\t\t\t<div class=\"elementor-column elementor-col-100 elementor-top-column elementor-element elementor-element-39817eb\" data-id=\"39817eb\" data-element_type=\"column\" data-e-type=\"column\">\n\t\t\t<div class=\"elementor-widget-wrap elementor-element-populated\">\n\t\t\t\t\t\t<div class=\"elementor-element elementor-element-aae94a1 elementor-widget elementor-widget-artem-awwards-table\" data-id=\"aae94a1\" data-element_type=\"widget\" data-e-type=\"widget\" data-widget_type=\"artem-awwards-table.default\">\n\t\t\t\t<div class=\"elementor-widget-container\">\n\t\t\t\t\t\n\t\t<!-- Awards -->\n\t    <div class=\"container\">\n\t\t    <div class=\"row\">\n\t\t\t\t<div class=\"col-12\">\n\t\t\t\t    <div class=\"flex-table\">\n\t\t\t\t\t    <div class=\"flex-table__thead\">\n\t\t\t\t\t\t    <div class=\"flex-table__th col--award\">\n\t\t\t\t\t\t    \t<span >\n\t\t\t\t\t\t    \t\tCertification\t\t\t\t\t\t    \t<\/span>\n\t\t\t\t\t\t    <\/div>\n\t\t\t\t\t\t\t<div class=\"flex-table__th col--clint\">\n\t\t\t\t\t\t\t\t<span >\n\t\t\t\t\t\t    \t\tplate-forme\t\t\t\t\t\t    \t<\/span>\n\t\t\t\t\t\t\t<\/div>\n\t\t\t\t\t\t\t<div class=\"flex-table__th col--year\">\n\t\t\t\t\t\t\t\t<span >\n\t\t\t\t\t\t    \t\tann\u00e9e\t\t\t\t\t\t    \t<\/span>\n\t\t\t\t\t\t\t<\/div>\n\t\t\t\t\t\t<\/div>\n\t\t\t\t\t\t\t\t\t\t\t\t\t\t\t\t\t    <div class=\"flex-table__tr\">\n\t\t\t\t\t\t    <div data-th=\"Certification\" class=\"flex-table__td col--award\">\n\t\t\t\t\t\t    \t<span >\n\t\t\t\t\t    \t\t\tAnnonces Google Ads sur le R\u00e9seau de Recherche\t\t\t\t\t    \t\t<\/span>\n\t\t\t\t\t\t    <\/div>\n\t\t\t\t\t\t\t<div data-th=\"plate-forme\" class=\"flex-table__td col--clint\">\n\t\t\t\t\t\t\t\t<span >\n\t\t\t\t\t    \t\t\tGoogle\t\t\t\t\t    \t\t<\/span>\n\t\t\t\t\t\t\t<\/div>\n\t\t\t\t\t\t\t<div data-th=\"ann\u00e9e\" class=\"flex-table__td col--year\">\n\t\t\t\t\t\t\t\t<span >\n\t\t\t\t\t    \t\t\t2025\t\t\t\t\t    \t\t<\/span>\n\t\t\t\t\t\t\t<\/div>\n\t\t\t\t\t\t<\/div>\n\t\t\t\t\t\t\t\t\t\t\t\t\t\t\t\t\t<\/div>\n\t\t\t\t<\/div>\n\t\t    <\/div>\n\t\t<\/div>\n\t\t<!-- \/Awards -->\n\t\t\n\t\t\t\t\t\t<\/div>\n\t\t\t\t<\/div>\n\t\t\t\t\t<\/div>\n\t\t<\/div>\n\t\t\t\t\t<\/div>\n\t\t<\/section>\n\t\t\t\t<section class=\"elementor-section elementor-top-section elementor-element elementor-element-71f310c elementor-section-boxed elementor-section-height-default elementor-section-height-default\" data-id=\"71f310c\" data-element_type=\"section\" data-e-type=\"section\">\n\t\t\t\t\t\t<div class=\"elementor-container elementor-column-gap-default\">\n\t\t\t\t\t<div class=\"elementor-column elementor-col-100 elementor-top-column elementor-element elementor-element-c47b349\" data-id=\"c47b349\" data-element_type=\"column\" data-e-type=\"column\">\n\t\t\t<div class=\"elementor-widget-wrap elementor-element-populated\">\n\t\t\t\t\t\t<div class=\"elementor-element elementor-element-cfa2ce6 elementor-widget elementor-widget-artem-image-cutout-right\" data-id=\"cfa2ce6\" data-element_type=\"widget\" data-e-type=\"widget\" data-widget_type=\"artem-image-cutout-right.default\">\n\t\t\t\t<div class=\"elementor-widget-container\">\n\t\t\t\t\t\n\t    <!-- Image -->\n\t\t<figure class=\"image-container image-container--cutoutRight reveal\">\n\t\t\t<img decoding=\"async\" class=\"cover lazyload\" src=\"https:\/\/neisky.ca\/wp-content\/uploads\/2025\/10\/Screenshot-2025-10-27-at-5.10.58-PM.png\" alt=\"Image\" \/>\n\t\t<\/figure>\n\t\t<!-- \/Image -->\n\n\t\t\t\t\t\t<\/div>\n\t\t\t\t<\/div>\n\t\t\t\t\t<\/div>\n\t\t<\/div>\n\t\t\t\t\t<\/div>\n\t\t<\/section>\n\t\t\t\t<section class=\"elementor-section elementor-top-section elementor-element elementor-element-d19b7f2 elementor-section-boxed elementor-section-height-default elementor-section-height-default\" data-id=\"d19b7f2\" data-element_type=\"section\" data-e-type=\"section\">\n\t\t\t\t\t\t<div class=\"elementor-container elementor-column-gap-default\">\n\t\t\t\t\t<div class=\"elementor-column elementor-col-100 elementor-top-column elementor-element elementor-element-cadc5fa\" data-id=\"cadc5fa\" data-element_type=\"column\" data-e-type=\"column\">\n\t\t\t<div class=\"elementor-widget-wrap elementor-element-populated\">\n\t\t\t\t\t\t<div class=\"elementor-element elementor-element-90361cf elementor-widget elementor-widget-artem-awwards-table\" data-id=\"90361cf\" data-element_type=\"widget\" data-e-type=\"widget\" data-widget_type=\"artem-awwards-table.default\">\n\t\t\t\t<div class=\"elementor-widget-container\">\n\t\t\t\t\t\n\t\t<!-- Awards -->\n\t    <div class=\"container\">\n\t\t    <div class=\"row\">\n\t\t\t\t<div class=\"col-12\">\n\t\t\t\t    <div class=\"flex-table\">\n\t\t\t\t\t    <div class=\"flex-table__thead\">\n\t\t\t\t\t\t    <div class=\"flex-table__th col--award\">\n\t\t\t\t\t\t    \t<span >\n\t\t\t\t\t\t    \t\tCertification\t\t\t\t\t\t    \t<\/span>\n\t\t\t\t\t\t    <\/div>\n\t\t\t\t\t\t\t<div class=\"flex-table__th col--clint\">\n\t\t\t\t\t\t\t\t<span >\n\t\t\t\t\t\t    \t\tplate-forme\t\t\t\t\t\t    \t<\/span>\n\t\t\t\t\t\t\t<\/div>\n\t\t\t\t\t\t\t<div class=\"flex-table__th col--year\">\n\t\t\t\t\t\t\t\t<span >\n\t\t\t\t\t\t    \t\tann\u00e9e\t\t\t\t\t\t    \t<\/span>\n\t\t\t\t\t\t\t<\/div>\n\t\t\t\t\t\t<\/div>\n\t\t\t\t\t\t\t\t\t\t\t\t\t\t\t\t\t    <div class=\"flex-table__tr\">\n\t\t\t\t\t\t    <div data-th=\"Certification\" class=\"flex-table__td col--award\">\n\t\t\t\t\t\t    \t<span >\n\t\t\t\t\t    \t\t\tCertification de vente au d\u00e9tail Amazon pour les annonceurs\t\t\t\t\t    \t\t<\/span>\n\t\t\t\t\t\t    <\/div>\n\t\t\t\t\t\t\t<div data-th=\"plate-forme\" class=\"flex-table__td col--clint\">\n\t\t\t\t\t\t\t\t<span >\n\t\t\t\t\t    \t\t\tAmazon\t\t\t\t\t    \t\t<\/span>\n\t\t\t\t\t\t\t<\/div>\n\t\t\t\t\t\t\t<div data-th=\"ann\u00e9e\" class=\"flex-table__td col--year\">\n\t\t\t\t\t\t\t\t<span >\n\t\t\t\t\t    \t\t\t2023\t\t\t\t\t    \t\t<\/span>\n\t\t\t\t\t\t\t<\/div>\n\t\t\t\t\t\t<\/div>\n\t\t\t\t\t\t\t\t\t\t\t\t\t\t\t\t\t<\/div>\n\t\t\t\t<\/div>\n\t\t    <\/div>\n\t\t<\/div>\n\t\t<!-- \/Awards -->\n\t\t\n\t\t\t\t\t\t<\/div>\n\t\t\t\t<\/div>\n\t\t\t\t\t<\/div>\n\t\t<\/div>\n\t\t\t\t\t<\/div>\n\t\t<\/section>\n\t\t\t\t<section class=\"elementor-section elementor-top-section elementor-element elementor-element-cdcd525 elementor-section-boxed elementor-section-height-default elementor-section-height-default\" data-id=\"cdcd525\" data-element_type=\"section\" data-e-type=\"section\">\n\t\t\t\t\t\t<div class=\"elementor-container elementor-column-gap-default\">\n\t\t\t\t\t<div class=\"elementor-column elementor-col-100 elementor-top-column elementor-element elementor-element-cb6bd4e\" data-id=\"cb6bd4e\" data-element_type=\"column\" data-e-type=\"column\">\n\t\t\t<div class=\"elementor-widget-wrap elementor-element-populated\">\n\t\t\t\t\t\t<div class=\"elementor-element elementor-element-2dcb4a8 elementor-widget elementor-widget-artem-image-cutout-right\" data-id=\"2dcb4a8\" data-element_type=\"widget\" data-e-type=\"widget\" data-widget_type=\"artem-image-cutout-right.default\">\n\t\t\t\t<div class=\"elementor-widget-container\">\n\t\t\t\t\t\n\t    <!-- Image -->\n\t\t<figure class=\"image-container image-container--cutoutRight reveal\">\n\t\t\t<img decoding=\"async\" class=\"cover lazyload\" src=\"https:\/\/neisky.ca\/wp-content\/uploads\/2025\/10\/Amazon-Retail-Certificate-2023-1920x1530.png\" alt=\"Image\" \/>\n\t\t<\/figure>\n\t\t<!-- \/Image -->\n\n\t\t\t\t\t\t<\/div>\n\t\t\t\t<\/div>\n\t\t\t\t\t<\/div>\n\t\t<\/div>\n\t\t\t\t\t<\/div>\n\t\t<\/section>\n\t\t\t\t<\/div>\n\t\t","protected":false},"excerpt":{"rendered":"<p>Certification plate-forme ann\u00e9e Partenaire V\u00e9rifi\u00e9 Annonces Amazon Amazon 2025 Certification plate-forme ann\u00e9e Certification sur les publicit\u00e9s commandit\u00e9es Amazon 2025 Certification plate-forme ann\u00e9e Annonces Google Ads sur le R\u00e9seau de Recherche Google 2025 Certification plate-forme ann\u00e9e Certification de vente au d\u00e9tail Amazon pour les annonceurs&#8230; <\/p>\n<div><a href=\"https:\/\/neisky.ca\/?page_id=1678&#038;lang=fr\" class=\"btn-link\">READ MORE<\/a><\/div>\n","protected":false},"author":1,"featured_media":0,"parent":0,"menu_order":0,"comment_status":"closed","ping_status":"closed","template":"","meta":{"footnotes":""},"class_list":["post-1678","page","type-page","status-publish","hentry"],"_links":{"self":[{"href":"https:\/\/neisky.ca\/index.php?rest_route=\/wp\/v2\/pages\/1678","targetHints":{"allow":["GET"]}}],"collection":[{"href":"https:\/\/neisky.ca\/index.php?rest_route=\/wp\/v2\/pages"}],"about":[{"href":"https:\/\/neisky.ca\/index.php?rest_route=\/wp\/v2\/types\/page"}],"author":[{"embeddable":true,"href":"https:\/\/neisky.ca\/index.php?rest_route=\/wp\/v2\/users\/1"}],"replies":[{"embeddable":true,"href":"https:\/\/neisky.ca\/index.php?rest_route=%2Fwp%2Fv2%2Fcomments&post=1678"}],"version-history":[{"count":15,"href":"https:\/\/neisky.ca\/index.php?rest_route=\/wp\/v2\/pages\/1678\/revisions"}],"predecessor-version":[{"id":1693,"href":"https:\/\/neisky.ca\/index.php?rest_route=\/wp\/v2\/pages\/1678\/revisions\/1693"}],"wp:attachment":[{"href":"https:\/\/neisky.ca\/index.php?rest_route=%2Fwp%2Fv2%2Fmedia&parent=1678"}],"curies":[{"name":"wp","href":"https:\/\/api.w.org\/{rel}","templated":true}]}}