{"id":882,"date":"2024-09-30T19:04:04","date_gmt":"2024-09-30T19:04:04","guid":{"rendered":"https:\/\/neisky.ca\/?page_id=882"},"modified":"2024-09-30T21:13:47","modified_gmt":"2024-09-30T21:13:47","slug":"elementor-882","status":"publish","type":"page","link":"https:\/\/neisky.ca\/?page_id=882&lang=es","title":{"rendered":"Quienes-Somos"},"content":{"rendered":"\t\t<div data-elementor-type=\"wp-page\" data-elementor-id=\"882\" class=\"elementor elementor-882\">\n\t\t\t\t\t\t<section class=\"elementor-section elementor-top-section elementor-element elementor-element-7d78abb elementor-section-full_width elementor-section-height-default elementor-section-height-default\" data-id=\"7d78abb\" data-element_type=\"section\" data-e-type=\"section\">\n\t\t\t\t\t\t<div class=\"elementor-container elementor-column-gap-no\">\n\t\t\t\t\t<div class=\"elementor-column elementor-col-100 elementor-top-column elementor-element elementor-element-7baaa93\" data-id=\"7baaa93\" data-element_type=\"column\" data-e-type=\"column\">\n\t\t\t<div class=\"elementor-widget-wrap elementor-element-populated\">\n\t\t\t\t\t\t<div class=\"elementor-element elementor-element-c890659 elementor-widget elementor-widget-artem-started-section\" data-id=\"c890659\" data-element_type=\"widget\" data-e-type=\"widget\" data-widget_type=\"artem-started-section.default\">\n\t\t\t\t<div class=\"elementor-widget-container\">\n\t\t\t\t\t\n\t\t<!-- Intro -->\n\t\t\t\t<header class=\"header-page header-fullscreen header-page--gutterBottom overlay overlay--45 js-image jarallax\" data-image=\"https:\/\/neisky.ca\/wp-content\/uploads\/2022\/03\/neisky-e-commerce-expert-marketing-canada.jpg\">\n\t\t\t\t\t<div class=\"header-page__container-fluid align-items-end js-opacity\">\n\t\t\t\t<div class=\"row no-gutters\">\n\t\t\t\t\t\t\t\t\t\t\t\t\t\t\t<div class=\"col-md-12 col-lg-6 text-lg-right\">\n\t\t\t\t\t\t<a class=\"btn-link btn-link--circle-right\" href=\"#story-start\">\n\t\t\t\t\t\t\t<span >\n\t\t\t\t\t\t\t\tNuestra Historia\t\t\t\t\t\t\t<\/span>\n\t\t\t\t\t\t\t<i class=\"circle circle--white circle--right icon-down-open\"><\/i>\n\t\t\t\t\t\t<\/a>\n\t\t\t\t\t<\/div>\n\t\t\t\t\t\t\t\t\t<\/div>\n\t\t\t<\/div>\n\t\t<\/header>\n\t    <!-- \/Intro -->\n\n\t\t\t\t\t\t<\/div>\n\t\t\t\t<\/div>\n\t\t\t\t\t<\/div>\n\t\t<\/div>\n\t\t\t\t\t<\/div>\n\t\t<\/section>\n\t\t\t\t<section class=\"elementor-section elementor-top-section elementor-element elementor-element-dbebd99 elementor-section-full_width elementor-section-height-default elementor-section-height-default\" data-id=\"dbebd99\" data-element_type=\"section\" data-e-type=\"section\" id=\"story-start\">\n\t\t\t\t\t\t<div class=\"elementor-container elementor-column-gap-no\">\n\t\t\t\t\t<div class=\"elementor-column elementor-col-100 elementor-top-column elementor-element elementor-element-de1c2e1\" data-id=\"de1c2e1\" data-element_type=\"column\" data-e-type=\"column\">\n\t\t\t<div class=\"elementor-widget-wrap elementor-element-populated\">\n\t\t\t\t\t\t<section class=\"elementor-section elementor-inner-section elementor-element elementor-element-9376bb2 elementor-section-full_width elementor-section-height-default elementor-section-height-default\" data-id=\"9376bb2\" data-element_type=\"section\" data-e-type=\"section\">\n\t\t\t\t\t\t<div class=\"elementor-container elementor-column-gap-no\">\n\t\t\t\t\t<div class=\"elementor-column elementor-col-100 elementor-inner-column elementor-element elementor-element-15e828b\" data-id=\"15e828b\" data-element_type=\"column\" data-e-type=\"column\">\n\t\t\t<div class=\"elementor-widget-wrap elementor-element-populated\">\n\t\t\t\t\t\t<div class=\"elementor-element elementor-element-1cec353 elementor-align-left elementor-widget elementor-widget-artem-about-headings\" data-id=\"1cec353\" data-element_type=\"widget\" data-e-type=\"widget\" data-widget_type=\"artem-about-headings.default\">\n\t\t\t\t<div class=\"elementor-widget-container\">\n\t\t\t\t\t\n        <!-- Heading -->\n        <article class=\"caption-single container\">\n\t        <div class=\"row\">\n\t        \t\t\t\t    <div class=\"col-12 col-lg-3\">\n\t\t\t\t    <h4 class=\"title title--overhead js-lines\">\n\t\t\t\t    \t<span >LA HISTORIA<\/span>\n\t\t\t\t    <\/h4>\n\t\t\t\t<\/div>\n\t\t\t\t\t\t\t\t<div class=\"col-12 col-lg-9\">\n\t\t\t\t\t\t\t\t\t\t<h2 class=\"title title--h4 js-lines\">\n\t\t\t\t\t\t<span >\u201cLa gente no compra lo que haces, compra por qu\u00e9 lo haces. Y lo que haces simplemente demuestra lo que crees\u201d\n\u2015 Simon Sinek<\/span>\n\t\t\t\t\t<\/h2>\n\t\t\t\t\t\t\t\t\t\t\t\t\t\t\t<div class=\"description noGutters-Bottom js-block\">\n\t\t\t\t\t    <div class=\"paragraph noGutters-Bottom\">\n\t\t\t\t\t    \t<div ><p>Desde intercambiar tarjetas de b\u00e9isbol cuando estaba en la escuela secundaria hasta trabajar con marcas globales que llegan a miles de clientes en todo el mundo, aprend\u00ed los entresijos de vender en l\u00ednea y trabajar con mayoristas y marketplaces como Amazon, Walmart, Target, The Hudson Bay, BestBuy, Ebay, Groupon y m\u00e1s.<\/p><\/div>\n\t\t\t\t\t    <\/div>\n\t\t\t\t    <\/div>\n\t\t\t\t    \t\t\t\t<\/div>\n\t\t\t<\/div>\n\t\t<\/article>\n\n\t\t\t\t\t\t<\/div>\n\t\t\t\t<\/div>\n\t\t\t\t\t<\/div>\n\t\t<\/div>\n\t\t\t\t\t<\/div>\n\t\t<\/section>\n\t\t\t\t\t<\/div>\n\t\t<\/div>\n\t\t\t\t\t<\/div>\n\t\t<\/section>\n\t\t\t\t<section class=\"elementor-section elementor-top-section elementor-element elementor-element-476ebdc elementor-section-full_width elementor-section-height-default elementor-section-height-default\" data-id=\"476ebdc\" data-element_type=\"section\" data-e-type=\"section\">\n\t\t\t\t\t\t<div class=\"elementor-container elementor-column-gap-no\">\n\t\t\t\t\t<div class=\"elementor-column elementor-col-100 elementor-top-column elementor-element elementor-element-c7989e7\" data-id=\"c7989e7\" data-element_type=\"column\" data-e-type=\"column\">\n\t\t\t<div class=\"elementor-widget-wrap elementor-element-populated\">\n\t\t\t\t\t\t<section class=\"elementor-section elementor-inner-section elementor-element elementor-element-46a1098 elementor-section-full_width elementor-section-height-default elementor-section-height-default\" data-id=\"46a1098\" data-element_type=\"section\" data-e-type=\"section\">\n\t\t\t\t\t\t<div class=\"elementor-container elementor-column-gap-no\">\n\t\t\t\t\t<div class=\"elementor-column elementor-col-100 elementor-inner-column elementor-element elementor-element-20a47d4\" data-id=\"20a47d4\" data-element_type=\"column\" data-e-type=\"column\">\n\t\t\t<div class=\"elementor-widget-wrap elementor-element-populated\">\n\t\t\t\t\t\t<div class=\"elementor-element elementor-element-d7cff96 elementor-align-left elementor-widget elementor-widget-artem-about-headings\" data-id=\"d7cff96\" data-element_type=\"widget\" data-e-type=\"widget\" data-widget_type=\"artem-about-headings.default\">\n\t\t\t\t<div class=\"elementor-widget-container\">\n\t\t\t\t\t\n        <!-- Heading -->\n        <article class=\"caption-single container\">\n\t        <div class=\"row\">\n\t        \t\t\t\t    <div class=\"col-12 col-lg-3\">\n\t\t\t\t    <h4 class=\"title title--overhead js-lines\">\n\t\t\t\t    \t<span >What we do?<\/span>\n\t\t\t\t    <\/h4>\n\t\t\t\t<\/div>\n\t\t\t\t\t\t\t\t<div class=\"col-12 col-lg-9\">\n\t\t\t\t\t\t\t\t\t\t<h2 class=\"title title--h4 js-lines\">\n\t\t\t\t\t\t<span >\u201cLa imaginaci\u00f3n es el motor. El contenido es el combustible. Las redes sociales son la autopista. El marketing es la hoja de ruta. Las ventas son el destino. La cultura es el GPS\u201d.\u2015 Troy Sandidge<\/span>\n\t\t\t\t\t<\/h2>\n\t\t\t\t\t\t\t\t\t\t\t\t\t\t<\/div>\n\t\t\t<\/div>\n\t\t<\/article>\n\n\t\t\t\t\t\t<\/div>\n\t\t\t\t<\/div>\n\t\t\t\t\t<\/div>\n\t\t<\/div>\n\t\t\t\t\t<\/div>\n\t\t<\/section>\n\t\t\t\t\t<\/div>\n\t\t<\/div>\n\t\t\t\t\t<\/div>\n\t\t<\/section>\n\t\t\t\t<section class=\"elementor-section elementor-top-section elementor-element elementor-element-5587f2d elementor-section-full_width elementor-section-height-default elementor-section-height-default\" data-id=\"5587f2d\" data-element_type=\"section\" data-e-type=\"section\">\n\t\t\t\t\t\t<div class=\"elementor-container elementor-column-gap-no\">\n\t\t\t\t\t<div class=\"elementor-column elementor-col-100 elementor-top-column elementor-element elementor-element-824cd07\" data-id=\"824cd07\" data-element_type=\"column\" data-e-type=\"column\">\n\t\t\t<div class=\"elementor-widget-wrap elementor-element-populated\">\n\t\t\t\t\t\t<div class=\"elementor-element elementor-element-a87420f elementor-widget elementor-widget-artem-services-list\" data-id=\"a87420f\" data-element_type=\"widget\" data-e-type=\"widget\" data-widget_type=\"artem-services-list.default\">\n\t\t\t\t<div class=\"elementor-widget-container\">\n\t\t\t\t\t\n\t\t<!-- Services Row -->\n\t\t<article class=\"caption-single container\">\n\t        <div class=\"row\">\n\t        \t<div class=\"col-12 col-lg-9 offset-lg-3 mt-3 mt-sm-0\">\n\t        \t\t<div class=\"row\">\n\t\t        \t\t\t\t\t        \t\t\t\t\t\t\t<div class=\"col-12 col-md-6 col-lg-6\">\n\t\t\t\t\t\t\t\t\t\t\t\t\t\t<h4 class=\"title title--h6\">\n\t\t\t\t\t\t\t\t<span >\n\t\t\t\t\t    \t\t\tESTRATEGIA\t\t\t\t\t    \t\t<\/span>\n\t\t\t\t\t\t\t<\/h4>\n\t\t\t\t\t\t\t\t\t\t\t\t\t\t\t\t\t\t\t\t\t\t<div >\n\t\t\t\t\t    \t\t\t<ul><li>Gesti\u00f3n de comercio electr\u00f3nico<\/li><li>Manejo de Amazon Vendor Central<\/li><li>Manejo de Amazon Seller Central<\/li><li>Expansi\u00f3n al mercado global<\/li><li>Marketing digital<\/li><li>Campa\u00f1as en redes sociales<\/li><li>An\u00e1lisis de datos<\/li><\/ul>\t\t\t\t\t    \t\t<\/div>\n\t\t\t\t\t\t\t\t\t\t\t\t\t<\/div>\n\t\t\t\t\t\t\t\t\t\t\t\t<div class=\"col-12 col-md-6 col-lg-6\">\n\t\t\t\t\t\t\t\t\t\t\t\t\t\t<h4 class=\"title title--h6\">\n\t\t\t\t\t\t\t\t<span >\n\t\t\t\t\t    \t\t\tDISENO Y CREATIVIDAD\t\t\t\t\t    \t\t<\/span>\n\t\t\t\t\t\t\t<\/h4>\n\t\t\t\t\t\t\t\t\t\t\t\t\t\t\t\t\t\t\t\t\t\t<div >\n\t\t\t\t\t    \t\t\t<ul><li>Dise\u00f1o web<\/li><li>Fotograf\u00eda de productos<\/li><li>Fotograf\u00eda <em>lifestyle<\/em><\/li><li>Producci\u00f3n de videos<\/li><li>Identidad y marca<\/li><li>Dise\u00f1o gr\u00e1fico<\/li><li>SEO<\/li><\/ul>\t\t\t\t\t    \t\t<\/div>\n\t\t\t\t\t\t\t\t\t\t\t\t\t<\/div>\n\t\t\t\t\t\t\t\t\t\t\t\t\t\t\t\t\t<\/div>\n\t\t\t\t<\/div>\n\t\t\t<\/div>\n\t\t<\/article>\n\t    <!-- \/Service Row -->\n\t\t\n\t\t\t\t\t\t<\/div>\n\t\t\t\t<\/div>\n\t\t\t\t\t<\/div>\n\t\t<\/div>\n\t\t\t\t\t<\/div>\n\t\t<\/section>\n\t\t\t\t<section class=\"elementor-section elementor-top-section elementor-element elementor-element-302e18b elementor-section-full_width elementor-section-height-default elementor-section-height-default\" data-id=\"302e18b\" data-element_type=\"section\" data-e-type=\"section\">\n\t\t\t\t\t\t<div class=\"elementor-container elementor-column-gap-no\">\n\t\t\t\t\t<div class=\"elementor-column elementor-col-100 elementor-top-column elementor-element elementor-element-b2085c8\" data-id=\"b2085c8\" data-element_type=\"column\" data-e-type=\"column\">\n\t\t\t<div class=\"elementor-widget-wrap\">\n\t\t\t\t\t\t\t<\/div>\n\t\t<\/div>\n\t\t\t\t\t<\/div>\n\t\t<\/section>\n\t\t\t\t<section class=\"elementor-section elementor-top-section elementor-element elementor-element-da88f34 elementor-section-full_width elementor-section-height-default elementor-section-height-default\" data-id=\"da88f34\" data-element_type=\"section\" data-e-type=\"section\">\n\t\t\t\t\t\t<div class=\"elementor-container elementor-column-gap-no\">\n\t\t\t\t\t<div class=\"elementor-column elementor-col-100 elementor-top-column elementor-element elementor-element-b9059d6\" data-id=\"b9059d6\" data-element_type=\"column\" data-e-type=\"column\">\n\t\t\t<div class=\"elementor-widget-wrap\">\n\t\t\t\t\t\t\t<\/div>\n\t\t<\/div>\n\t\t\t\t\t<\/div>\n\t\t<\/section>\n\t\t\t\t<section class=\"elementor-section elementor-top-section elementor-element elementor-element-871dfba elementor-section-full_width elementor-section-height-default elementor-section-height-default\" data-id=\"871dfba\" data-element_type=\"section\" data-e-type=\"section\">\n\t\t\t\t\t\t<div class=\"elementor-container elementor-column-gap-no\">\n\t\t\t\t\t<div class=\"elementor-column elementor-col-100 elementor-top-column elementor-element elementor-element-0d621c5\" data-id=\"0d621c5\" data-element_type=\"column\" data-e-type=\"column\">\n\t\t\t<div class=\"elementor-widget-wrap elementor-element-populated\">\n\t\t\t\t\t\t<section class=\"elementor-section elementor-inner-section elementor-element elementor-element-bb12f86 elementor-section-full_width elementor-section-height-default elementor-section-height-default\" data-id=\"bb12f86\" data-element_type=\"section\" data-e-type=\"section\">\n\t\t\t\t\t\t<div class=\"elementor-container elementor-column-gap-no\">\n\t\t\t\t\t<div class=\"elementor-column elementor-col-100 elementor-inner-column elementor-element elementor-element-c3a6e0e\" data-id=\"c3a6e0e\" data-element_type=\"column\" data-e-type=\"column\">\n\t\t\t<div class=\"elementor-widget-wrap elementor-element-populated\">\n\t\t\t\t\t\t<div class=\"elementor-element elementor-element-c06d857 elementor-align-left elementor-widget elementor-widget-artem-about-headings\" data-id=\"c06d857\" data-element_type=\"widget\" data-e-type=\"widget\" data-widget_type=\"artem-about-headings.default\">\n\t\t\t\t<div class=\"elementor-widget-container\">\n\t\t\t\t\t\n        <!-- Heading -->\n        <article class=\"caption-single container\">\n\t        <div class=\"row\">\n\t        \t\t\t\t    <div class=\"col-12 col-lg-3\">\n\t\t\t\t    <h4 class=\"title title--overhead js-lines\">\n\t\t\t\t    \t<span >TOP BRANDS<\/span>\n\t\t\t\t    <\/h4>\n\t\t\t\t<\/div>\n\t\t\t\t\t\t\t\t<div class=\"col-12 col-lg-9\">\n\t\t\t\t\t\t\t\t\t\t<h2 class=\"title title--h4 js-lines\">\n\t\t\t\t\t\t<span >Algunas de las incre\u00edbles marcas que ha confiado en nosotros<\/span>\n\t\t\t\t\t<\/h2>\n\t\t\t\t\t\t\t\t\t\t\t\t\t\t<\/div>\n\t\t\t<\/div>\n\t\t<\/article>\n\n\t\t\t\t\t\t<\/div>\n\t\t\t\t<\/div>\n\t\t\t\t<div class=\"elementor-element elementor-element-179c85c elementor-widget elementor-widget-artem-partners\" data-id=\"179c85c\" data-element_type=\"widget\" data-e-type=\"widget\" data-widget_type=\"artem-partners.default\">\n\t\t\t\t<div class=\"elementor-widget-container\">\n\t\t\t\t\t\t\t\n\t\t<!-- Partners -->\n\t\t<div class=\"container mt-0 mt-sm-4\">\n\t\t    <div class=\"row brands-wrap\">\n\t\t    \t\t\t    \t\t\t\t    <div class=\"col-6 col-md-4 col-lg-3\">\n\t\t\t\t    \t\t\t\t    <div class=\"item-brand\">\n\t\t\t\t\t    \t\t\t\t\t    <a href=\"https:\/\/neisky.ca\/?page_id=712\" title=\"Lol\u00eb\">\n\t\t\t\t\t\t\t\t\t\t\t    <img decoding=\"async\" class=\"item-brand__logo\" src=\"https:\/\/neisky.ca\/wp-content\/uploads\/2022\/04\/lole.png\" alt=\"Lol\u00eb\" \/>\n\t\t\t\t\t    \t\t\t\t\t\t<\/a>\n\t\t\t\t\t\t\t\t\t\t\t<\/div>\n\t\t\t\t\t\t\t\t\t<\/div>\n\t\t\t\t\t\t\t    <div class=\"col-6 col-md-4 col-lg-3\">\n\t\t\t\t    \t\t\t\t    <div class=\"item-brand\">\n\t\t\t\t\t    \t\t\t\t\t    <a href=\"https:\/\/neisky.ca\/?page_id=532\" title=\"Fuller Tool\">\n\t\t\t\t\t\t\t\t\t\t\t    <img decoding=\"async\" class=\"item-brand__logo\" src=\"https:\/\/neisky.ca\/wp-content\/uploads\/2022\/04\/fuller-tool.png\" alt=\"Fuller Tool\" \/>\n\t\t\t\t\t    \t\t\t\t\t\t<\/a>\n\t\t\t\t\t\t\t\t\t\t\t<\/div>\n\t\t\t\t\t\t\t\t\t<\/div>\n\t\t\t\t\t\t\t    <div class=\"col-6 col-md-4 col-lg-3\">\n\t\t\t\t    \t\t\t\t    <div class=\"item-brand\">\n\t\t\t\t\t    \t\t\t\t\t    <a title=\"Johnson Level\">\n\t\t\t\t\t\t\t\t\t\t\t    <img decoding=\"async\" class=\"item-brand__logo\" src=\"https:\/\/neisky.ca\/wp-content\/uploads\/2022\/04\/jlevel.png\" alt=\"Johnson Level\" \/>\n\t\t\t\t\t    \t\t\t\t\t\t<\/a>\n\t\t\t\t\t\t\t\t\t\t\t<\/div>\n\t\t\t\t\t\t\t\t\t<\/div>\n\t\t\t\t\t\t\t    <div class=\"col-6 col-md-4 col-lg-3\">\n\t\t\t\t    \t\t\t\t    <div class=\"item-brand\">\n\t\t\t\t\t    \t\t\t\t\t    <a title=\"Sensei Photo\">\n\t\t\t\t\t\t\t\t\t\t\t    <img decoding=\"async\" class=\"item-brand__logo\" src=\"https:\/\/neisky.ca\/wp-content\/uploads\/2022\/04\/sensei-photo-logo.png\" alt=\"Sensei Photo\" \/>\n\t\t\t\t\t    \t\t\t\t\t\t<\/a>\n\t\t\t\t\t\t\t\t\t\t\t<\/div>\n\t\t\t\t\t\t\t\t\t<\/div>\n\t\t\t\t\t\t\t    <div class=\"col-6 col-md-4 col-lg-3\">\n\t\t\t\t    \t\t\t\t    <div class=\"item-brand\">\n\t\t\t\t\t    \t\t\t\t\t    <a title=\"Yvonne Marie\">\n\t\t\t\t\t\t\t\t\t\t\t    <img decoding=\"async\" class=\"item-brand__logo\" src=\"https:\/\/neisky.ca\/wp-content\/uploads\/2022\/04\/yvonne-marie-logo.png\" alt=\"Yvonne Marie\" \/>\n\t\t\t\t\t    \t\t\t\t\t\t<\/a>\n\t\t\t\t\t\t\t\t\t\t\t<\/div>\n\t\t\t\t\t\t\t\t\t<\/div>\n\t\t\t\t\t\t\t    <div class=\"col-6 col-md-4 col-lg-3\">\n\t\t\t\t    \t\t\t\t    <div class=\"item-brand\">\n\t\t\t\t\t    \t\t\t\t\t    <a title=\"Rogers\">\n\t\t\t\t\t\t\t\t\t\t\t    <img decoding=\"async\" class=\"item-brand__logo\" src=\"https:\/\/neisky.ca\/wp-content\/uploads\/2022\/04\/rogers-media.png\" alt=\"Rogers\" \/>\n\t\t\t\t\t    \t\t\t\t\t\t<\/a>\n\t\t\t\t\t\t\t\t\t\t\t<\/div>\n\t\t\t\t\t\t\t\t\t<\/div>\n\t\t\t\t\t\t\t    <div class=\"col-6 col-md-4 col-lg-3\">\n\t\t\t\t    \t\t\t\t    <div class=\"item-brand\">\n\t\t\t\t\t    \t\t\t\t\t    <a title=\"Buffalo Jeans\">\n\t\t\t\t\t\t\t\t\t\t\t    <img decoding=\"async\" class=\"item-brand__logo\" src=\"https:\/\/neisky.ca\/wp-content\/uploads\/2022\/04\/bjca.png\" alt=\"Buffalo Jeans\" \/>\n\t\t\t\t\t    \t\t\t\t\t\t<\/a>\n\t\t\t\t\t\t\t\t\t\t\t<\/div>\n\t\t\t\t\t\t\t\t\t<\/div>\n\t\t\t\t\t\t\t    <div class=\"col-6 col-md-4 col-lg-3\">\n\t\t\t\t    \t\t\t\t    <div class=\"item-brand\">\n\t\t\t\t\t    \t\t\t\t\t    <a title=\"Unitronic\">\n\t\t\t\t\t\t\t\t\t\t\t    <img decoding=\"async\" class=\"item-brand__logo\" src=\"https:\/\/neisky.ca\/wp-content\/uploads\/2022\/04\/uni.png\" alt=\"Unitronic\" \/>\n\t\t\t\t\t    \t\t\t\t\t\t<\/a>\n\t\t\t\t\t\t\t\t\t\t\t<\/div>\n\t\t\t\t\t\t\t\t\t<\/div>\n\t\t\t\t\t\t\t\t\t\t\t<\/div>\n\t\t<\/div>\n\t\t<!-- \/Partners -->\n\n\t\t\t\t\t\t<\/div>\n\t\t\t\t<\/div>\n\t\t\t\t\t<\/div>\n\t\t<\/div>\n\t\t\t\t\t<\/div>\n\t\t<\/section>\n\t\t\t\t<section class=\"elementor-section elementor-inner-section elementor-element elementor-element-af19b95 elementor-section-full_width elementor-section-height-default elementor-section-height-default\" data-id=\"af19b95\" data-element_type=\"section\" data-e-type=\"section\">\n\t\t\t\t\t\t<div class=\"elementor-container elementor-column-gap-no\">\n\t\t\t\t\t<div class=\"elementor-column elementor-col-100 elementor-inner-column elementor-element elementor-element-5ebb6e6\" data-id=\"5ebb6e6\" data-element_type=\"column\" data-e-type=\"column\">\n\t\t\t<div class=\"elementor-widget-wrap\">\n\t\t\t\t\t\t\t<\/div>\n\t\t<\/div>\n\t\t\t\t\t<\/div>\n\t\t<\/section>\n\t\t\t\t\t<\/div>\n\t\t<\/div>\n\t\t\t\t\t<\/div>\n\t\t<\/section>\n\t\t\t\t<\/div>\n\t\t","protected":false},"excerpt":{"rendered":"<p>Nuestra Historia LA HISTORIA \u201cLa gente no compra lo que haces, compra por qu\u00e9 lo haces. Y lo que haces simplemente demuestra lo que crees\u201d \u2015 Simon Sinek Desde intercambiar tarjetas de b\u00e9isbol cuando estaba en la escuela secundaria hasta trabajar con marcas globales&#8230; <\/p>\n<div><a href=\"https:\/\/neisky.ca\/?page_id=882&#038;lang=es\" class=\"btn-link\">READ MORE<\/a><\/div>\n","protected":false},"author":1,"featured_media":0,"parent":0,"menu_order":0,"comment_status":"closed","ping_status":"closed","template":"template-layout-builder.php","meta":{"footnotes":""},"class_list":["post-882","page","type-page","status-publish","hentry"],"_links":{"self":[{"href":"https:\/\/neisky.ca\/index.php?rest_route=\/wp\/v2\/pages\/882","targetHints":{"allow":["GET"]}}],"collection":[{"href":"https:\/\/neisky.ca\/index.php?rest_route=\/wp\/v2\/pages"}],"about":[{"href":"https:\/\/neisky.ca\/index.php?rest_route=\/wp\/v2\/types\/page"}],"author":[{"embeddable":true,"href":"https:\/\/neisky.ca\/index.php?rest_route=\/wp\/v2\/users\/1"}],"replies":[{"embeddable":true,"href":"https:\/\/neisky.ca\/index.php?rest_route=%2Fwp%2Fv2%2Fcomments&post=882"}],"version-history":[{"count":14,"href":"https:\/\/neisky.ca\/index.php?rest_route=\/wp\/v2\/pages\/882\/revisions"}],"predecessor-version":[{"id":942,"href":"https:\/\/neisky.ca\/index.php?rest_route=\/wp\/v2\/pages\/882\/revisions\/942"}],"wp:attachment":[{"href":"https:\/\/neisky.ca\/index.php?rest_route=%2Fwp%2Fv2%2Fmedia&parent=882"}],"curies":[{"name":"wp","href":"https:\/\/api.w.org\/{rel}","templated":true}]}}